[INFO] cloning repository https://github.com/Sandraak/onitama
[INFO] running `Command { std: "git" "-c" "credential.helper=" "-c" "credential.helper=/workspace/cargo-home/bin/git-credential-null" "clone" "--bare" "https://github.com/Sandraak/onitama" "/workspace/cache/git-repos/https%3A%2F%2Fgithub.com%2FSandraak%2Fonitama", kill_on_drop: false }`
[INFO] [stderr] Cloning into bare repository '/workspace/cache/git-repos/https%3A%2F%2Fgithub.com%2FSandraak%2Fonitama'...
[INFO] running `Command { std: "git" "rev-parse" "HEAD", kill_on_drop: false }`
[INFO] [stdout] ac8a30a35bf98aa3ff30cd238c908ea0d04a4e86
[INFO] checking Sandraak/onitama against master#e6e4f7ed1589e03bc2f6c5931c1a72e7947e8682 for beta-170-4
[INFO] running `Command { std: "git" "clone" "/workspace/cache/git-repos/https%3A%2F%2Fgithub.com%2FSandraak%2Fonitama" "/workspace/builds/worker-1-tc2/source", kill_on_drop: false }`
[INFO] [stderr] Cloning into '/workspace/builds/worker-1-tc2/source'...
[INFO] [stderr] done.
[INFO] validating manifest of git repo https://github.com/Sandraak/onitama on toolchain e6e4f7ed1589e03bc2f6c5931c1a72e7947e8682
[INFO] running `Command { std: CARGO_HOME="/workspace/cargo-home" RUSTUP_HOME="/workspace/rustup-home" "/workspace/cargo-home/bin/cargo" "+e6e4f7ed1589e03bc2f6c5931c1a72e7947e8682" "metadata" "--manifest-path" "Cargo.toml" "--no-deps", kill_on_drop: false }`
[INFO] started tweaking git repo https://github.com/Sandraak/onitama
[INFO] finished tweaking git repo https://github.com/Sandraak/onitama
[INFO] tweaked toml for git repo https://github.com/Sandraak/onitama written to /workspace/builds/worker-1-tc2/source/Cargo.toml
[INFO] crate git repo https://github.com/Sandraak/onitama already has a lockfile, it will not be regenerated
[INFO] running `Command { std: CARGO_HOME="/workspace/cargo-home" RUSTUP_HOME="/workspace/rustup-home" "/workspace/cargo-home/bin/cargo" "+e6e4f7ed1589e03bc2f6c5931c1a72e7947e8682" "fetch" "--manifest-path" "Cargo.toml", kill_on_drop: false }`
[INFO] running `Command { std: "docker" "create" "-v" "/var/lib/crater-agent-workspace/builds/worker-1-tc2/target:/opt/rustwide/target:rw,Z" "-v" "/var/lib/crater-agent-workspace/builds/worker-1-tc2/source:/opt/rustwide/workdir:ro,Z" "-v" "/var/lib/crater-agent-workspace/cargo-home:/opt/rustwide/cargo-home:ro,Z" "-v" "/var/lib/crater-agent-workspace/rustup-home:/opt/rustwide/rustup-home:ro,Z" "-e" "SOURCE_DIR=/opt/rustwide/workdir" "-e" "CARGO_TARGET_DIR=/opt/rustwide/target" "-e" "CARGO_HOME=/opt/rustwide/cargo-home" "-e" "RUSTUP_HOME=/opt/rustwide/rustup-home" "-w" "/opt/rustwide/workdir" "-m" "1610612736" "--user" "0:0" "--network" "none" "ghcr.io/rust-lang/crates-build-env/linux@sha256:19e73879b68f455e41552ea35293514db52ea292d993f571636dbffedb77a1ee" "/opt/rustwide/cargo-home/bin/cargo" "+e6e4f7ed1589e03bc2f6c5931c1a72e7947e8682" "metadata" "--no-deps" "--format-version=1", kill_on_drop: false }`
[INFO] [stdout] b3964cda52c391de7f83b0029a3f25563270fb738532300b838c5e2e2a9cd3cd
[INFO] running `Command { std: "docker" "start" "-a" "b3964cda52c391de7f83b0029a3f25563270fb738532300b838c5e2e2a9cd3cd", kill_on_drop: false }`
[INFO] running `Command { std: "docker" "inspect" "b3964cda52c391de7f83b0029a3f25563270fb738532300b838c5e2e2a9cd3cd", kill_on_drop: false }`
[INFO] running `Command { std: "docker" "rm" "-f" "b3964cda52c391de7f83b0029a3f25563270fb738532300b838c5e2e2a9cd3cd", kill_on_drop: false }`
[INFO] [stdout] b3964cda52c391de7f83b0029a3f25563270fb738532300b838c5e2e2a9cd3cd
[INFO] running `Command { std: "docker" "create" "-v" "/var/lib/crater-agent-workspace/builds/worker-1-tc2/target:/opt/rustwide/target:rw,Z" "-v" "/var/lib/crater-agent-workspace/builds/worker-1-tc2/source:/opt/rustwide/workdir:ro,Z" "-v" "/var/lib/crater-agent-workspace/cargo-home:/opt/rustwide/cargo-home:ro,Z" "-v" "/var/lib/crater-agent-workspace/rustup-home:/opt/rustwide/rustup-home:ro,Z" "-e" "SOURCE_DIR=/opt/rustwide/workdir" "-e" "CARGO_TARGET_DIR=/opt/rustwide/target" "-e" "CARGO_INCREMENTAL=0" "-e" "RUST_BACKTRACE=full" "-e" "RUSTFLAGS=--cap-lints=forbid" "-e" "RUSTDOCFLAGS=--cap-lints=forbid" "-e" "CARGO_HOME=/opt/rustwide/cargo-home" "-e" "RUSTUP_HOME=/opt/rustwide/rustup-home" "-w" "/opt/rustwide/workdir" "-m" "1610612736" "--user" "0:0" "--network" "none" "ghcr.io/rust-lang/crates-build-env/linux@sha256:19e73879b68f455e41552ea35293514db52ea292d993f571636dbffedb77a1ee" "/opt/rustwide/cargo-home/bin/cargo" "+e6e4f7ed1589e03bc2f6c5931c1a72e7947e8682" "check" "--frozen" "--all" "--all-targets" "--message-format=json", kill_on_drop: false }`
[INFO] [stdout] 1ccda876612a5a1ea5c04bbf49362c9de2434b952abd279ebba2635787efa4be
[INFO] running `Command { std: "docker" "start" "-a" "1ccda876612a5a1ea5c04bbf49362c9de2434b952abd279ebba2635787efa4be", kill_on_drop: false }`
[INFO] [stderr]    Compiling proc-macro2 v1.0.39
[INFO] [stderr]    Compiling unicode-ident v1.0.1
[INFO] [stderr]    Compiling syn v1.0.96
[INFO] [stderr]    Compiling libc v0.2.126
[INFO] [stderr]    Compiling log v0.4.17
[INFO] [stderr]     Checking itoa v1.0.2
[INFO] [stderr]     Checking once_cell v1.12.0
[INFO] [stderr]     Checking pin-project-lite v0.2.9
[INFO] [stderr]    Compiling serde_derive v1.0.137
[INFO] [stderr]    Compiling parking_lot_core v0.9.3
[INFO] [stderr]    Compiling serde v1.0.137
[INFO] [stderr]    Compiling memchr v2.5.0
[INFO] [stderr]    Compiling futures-util v0.3.21
[INFO] [stderr]     Checking futures-sink v0.3.21
[INFO] [stderr]     Checking tinyvec v1.6.0
[INFO] [stderr]    Compiling httparse v1.7.1
[INFO] [stderr]    Compiling num-traits v0.2.15
[INFO] [stderr]    Compiling async-trait v0.1.56
[INFO] [stderr]     Checking subtle v2.4.1
[INFO] [stderr]     Checking http v0.2.8
[INFO] [stderr]     Checking tracing-core v0.1.27
[INFO] [stderr]     Checking unicode-bidi v0.3.8
[INFO] [stderr]     Checking digest v0.9.0
[INFO] [stderr]    Compiling num-integer v0.1.45
[INFO] [stderr]     Checking ryu v1.0.10
[INFO] [stderr]    Compiling cc v1.0.73
[INFO] [stderr]    Compiling serde_json v1.0.81
[INFO] [stderr]    Compiling futures-channel v0.3.21
[INFO] [stderr]     Checking tower-layer v0.3.1
[INFO] [stderr]     Checking utf-8 v0.7.6
[INFO] [stderr]    Compiling anyhow v1.0.57
[INFO] [stderr]     Checking want v0.3.0
[INFO] [stderr]     Checking crypto-mac v0.11.1
[INFO] [stderr]     Checking crypto-mac v0.8.0
[INFO] [stderr]     Checking block-buffer v0.9.0
[INFO] [stderr]     Checking opaque-debug v0.3.0
[INFO] [stderr]     Checking http-range-header v0.3.0
[INFO] [stderr]     Checking cfg-if v0.1.10
[INFO] [stderr]     Checking arrayref v0.3.6
[INFO] [stderr]     Checking arrayvec v0.5.2
[INFO] [stderr]     Checking constant_time_eq v0.1.5
[INFO] [stderr]     Checking event-listener v2.5.2
[INFO] [stderr]     Checking sha2 v0.9.9
[INFO] [stderr]     Checking hmac v0.11.0
[INFO] [stderr]     Checking tracing-log v0.1.3
[INFO] [stderr]     Checking async-lock v2.5.0
[INFO] [stderr]     Checking thread_local v1.1.4
[INFO] [stderr]     Checking matchit v0.5.0
[INFO] [stderr]     Checking sync_wrapper v0.1.1
[INFO] [stderr]    Compiling quote v1.0.18
[INFO] [stderr]     Checking unicode-normalization v0.1.19
[INFO] [stderr]     Checking http-body v0.4.5
[INFO] [stderr]     Checking headers-core v0.2.0
[INFO] [stderr]     Checking tracing-subscriber v0.3.11
[INFO] [stderr]     Checking headers v0.3.7
[INFO] [stderr]     Checking getrandom v0.2.7
[INFO] [stderr]     Checking socket2 v0.4.4
[INFO] [stderr]     Checking signal-hook-registry v1.4.0
[INFO] [stderr]     Checking num_cpus v1.13.1
[INFO] [stderr]     Checking mio v0.8.3
[INFO] [stderr]     Checking rand_core v0.6.3
[INFO] [stderr]    Compiling blake3 v0.3.8
[INFO] [stderr]     Checking parking_lot v0.12.1
[INFO] [stderr]     Checking rand_chacha v0.3.1
[INFO] [stderr]     Checking rand v0.8.5
[INFO] [stderr]     Checking idna v0.2.3
[INFO] [stderr]     Checking url v2.2.2
[INFO] [stderr]    Compiling tokio-macros v1.8.0
[INFO] [stderr]    Compiling thiserror-impl v1.0.31
[INFO] [stderr]    Compiling tracing-attributes v0.1.21
[INFO] [stderr]    Compiling pin-project-internal v1.0.10
[INFO] [stderr]     Checking tokio v1.19.2
[INFO] [stderr]     Checking axum-core v0.2.5
[INFO] [stderr]     Checking pin-project v1.0.10
[INFO] [stderr]     Checking thiserror v1.0.31
[INFO] [stderr]     Checking tracing v0.1.35
[INFO] [stderr]     Checking tungstenite v0.17.2
[INFO] [stderr]     Checking onitama v0.1.0 (/opt/rustwide/workdir/onitama)
[INFO] [stderr]     Checking tower v0.4.12
[INFO] [stderr]     Checking hyper v0.14.19
[INFO] [stderr]     Checking tokio-tungstenite v0.17.1
[INFO] [stderr]     Checking tower-http v0.3.4
[INFO] [stderr]     Checking bincode v1.3.3
[INFO] [stderr]     Checking chrono v0.4.19
[INFO] [stderr]     Checking serde_urlencoded v0.7.1
[INFO] [stderr]     Checking uuid v1.1.2
[INFO] [stderr]     Checking async-session v3.0.0
[INFO] [stderr]     Checking axum v0.5.7
[INFO] [stderr]     Checking backend v0.1.0 (/opt/rustwide/workdir/backend)
[INFO] [stdout] error[E0432]: unresolved import `onitama::State`
[INFO] [stdout]   --> backend/src/main.rs:20:23
[INFO] [stdout]    |
[INFO] [stdout] 20 | use onitama::{Action, State as GameState, Team};
[INFO] [stdout]    |                       ^^^^^^^^^^^^^^^^^^ no `State` in the root
[INFO] [stdout]    |
[INFO] [stdout]    = help: consider importing this enum instead:
[INFO] [stdout]            serde_json::ser::State
[INFO] [stdout] 
[INFO] [stdout] 
[INFO] [stdout] error[E0432]: unresolved import `onitama::State`
[INFO] [stdout]   --> backend/src/main.rs:20:23
[INFO] [stdout]    |
[INFO] [stdout] 20 | use onitama::{Action, State as GameState, Team};
[INFO] [stdout]    |                       ^^^^^^^^^^^^^^^^^^ no `State` in the root
[INFO] [stdout]    |
[INFO] [stdout]    = help: consider importing this enum instead:
[INFO] [stdout]            serde_json::ser::State
[INFO] [stdout] 
[INFO] [stdout] 
[INFO] [stdout] error[E0603]: module `card` is private
[INFO] [stdout]   --> backend/src/main.rs:19:14
[INFO] [stdout]    |
[INFO] [stdout] 19 | use onitama::card::{Card, Shift};
[INFO] [stdout]    |              ^^^^ private module
[INFO] [stdout]    |
[INFO] [stdout] note: the module `card` is defined here
[INFO] [stdout]   --> /opt/rustwide/workdir/onitama/src/lib.rs:15:1
[INFO] [stdout]    |
[INFO] [stdout] 15 | mod card;
[INFO] [stdout]    | ^^^^^^^^
[INFO] [stdout] 
[INFO] [stdout] 
[INFO] [stdout] error[E0603]: module `card` is private
[INFO] [stdout]   --> backend/src/main.rs:19:14
[INFO] [stdout]    |
[INFO] [stdout] 19 | use onitama::card::{Card, Shift};
[INFO] [stdout]    |              ^^^^ private module
[INFO] [stdout]    |
[INFO] [stdout] note: the module `card` is defined here
[INFO] [stdout]   --> /opt/rustwide/workdir/onitama/src/lib.rs:15:1
[INFO] [stdout]    |
[INFO] [stdout] 15 | mod card;
[INFO] [stdout]    | ^^^^^^^^
[INFO] [stdout] 
[INFO] [stdout] 
[INFO] [stdout] warning: unused import: `Deserialize`
[INFO] [stdout]   --> backend/src/main.rs:15:13
[INFO] [stdout]    |
[INFO] [stdout] 15 | use serde::{Deserialize, Serialize};
[INFO] [stdout]    |             ^^^^^^^^^^^
[INFO] [stdout]    |
[INFO] [stdout]    = note: `#[warn(unused_imports)]` on by default
[INFO] [stdout] 
[INFO] [stdout] 
[INFO] [stdout] warning: unused import: `Deserialize`
[INFO] [stdout]   --> backend/src/main.rs:15:13
[INFO] [stdout]    |
[INFO] [stdout] 15 | use serde::{Deserialize, Serialize};
[INFO] [stdout]    |             ^^^^^^^^^^^
[INFO] [stdout]    |
[INFO] [stdout]    = note: `#[warn(unused_imports)]` on by default
[INFO] [stdout] 
[INFO] [stdout] 
[INFO] [stdout] error[E0277]: the trait bound `Action: Deserialize<'_>` is not satisfied
[INFO] [stdout]     --> backend/src/main.rs:116:31
[INFO] [stdout]      |
[INFO] [stdout] 116  |             let mov: Action = serde_json::from_str(&message.into_text().unwrap()).unwrap();
[INFO] [stdout]      |                               ^^^^^^^^^^^^^^^^^^^^ the trait `Deserialize<'_>` is not implemented for `Action`
[INFO] [stdout]      |
[INFO] [stdout]      = help: the following other types implement trait `Deserialize<'de>`:
[INFO] [stdout]                &'a [u8]
[INFO] [stdout]                &'a serde_json::value::RawValue
[INFO] [stdout]                &'a std::path::Path
[INFO] [stdout]                &'a str
[INFO] [stdout]                ()
[INFO] [stdout]                (T0, T1)
[INFO] [stdout]                (T0, T1, T2)
[INFO] [stdout]                (T0, T1, T2, T3)
[INFO] [stdout]              and 144 others
[INFO] [stdout] note: required by a bound in `serde_json::from_str`
[INFO] [stdout]     --> /opt/rustwide/cargo-home/registry/src/index.crates.io-6f17d22bba15001f/serde_json-1.0.81/src/de.rs:2611:8
[INFO] [stdout]      |
[INFO] [stdout] 2609 | pub fn from_str<'a, T>(s: &'a str) -> Result<T>
[INFO] [stdout]      |        -------- required by a bound in this function
[INFO] [stdout] 2610 | where
[INFO] [stdout] 2611 |     T: de::Deserialize<'a>,
[INFO] [stdout]      |        ^^^^^^^^^^^^^^^^^^^ required by this bound in `from_str`
[INFO] [stdout] 
[INFO] [stdout] 
[INFO] [stdout] error[E0277]: the trait bound `Action: Deserialize<'_>` is not satisfied
[INFO] [stdout]     --> backend/src/main.rs:116:31
[INFO] [stdout]      |
[INFO] [stdout] 116  |             let mov: Action = serde_json::from_str(&message.into_text().unwrap()).unwrap();
[INFO] [stdout]      |                               ^^^^^^^^^^^^^^^^^^^^ the trait `Deserialize<'_>` is not implemented for `Action`
[INFO] [stdout]      |
[INFO] [stdout]      = help: the following other types implement trait `Deserialize<'de>`:
[INFO] [stdout]                &'a [u8]
[INFO] [stdout]                &'a serde_json::value::RawValue
[INFO] [stdout]                &'a std::path::Path
[INFO] [stdout]                &'a str
[INFO] [stdout]                ()
[INFO] [stdout]                (T0, T1)
[INFO] [stdout]                (T0, T1, T2)
[INFO] [stdout]                (T0, T1, T2, T3)
[INFO] [stdout]              and 144 others
[INFO] [stdout] note: required by a bound in `serde_json::from_str`
[INFO] [stdout]     --> /opt/rustwide/cargo-home/registry/src/index.crates.io-6f17d22bba15001f/serde_json-1.0.81/src/de.rs:2611:8
[INFO] [stdout]      |
[INFO] [stdout] 2609 | pub fn from_str<'a, T>(s: &'a str) -> Result<T>
[INFO] [stdout]      |        -------- required by a bound in this function
[INFO] [stdout] 2610 | where
[INFO] [stdout] 2611 |     T: de::Deserialize<'a>,
[INFO] [stdout]      |        ^^^^^^^^^^^^^^^^^^^ required by this bound in `from_str`
[INFO] [stdout] 
[INFO] [stdout] 
[INFO] [stdout] error[E0277]: the trait bound `fn() -> impl std::future::Future<Output = axum::Json<{type error}>> {card}: Handler<_, _>` is not satisfied
[INFO] [stdout]    --> backend/src/main.rs:211:29
[INFO] [stdout]     |
[INFO] [stdout] 211 |         .route("/card", get(card))
[INFO] [stdout]     |                         --- ^^^^ the trait `Handler<_, _>` is not implemented for fn item `fn() -> impl std::future::Future<Output = axum::Json<{type error}>> {card}`
[INFO] [stdout]     |                         |
[INFO] [stdout]     |                         required by a bound introduced by this call
[INFO] [stdout]     |
[INFO] [stdout]     = help: the trait `Handler<T, ReqBody>` is implemented for `axum::handler::Layered<S, T>`
[INFO] [stdout] note: required by a bound in `axum::routing::get`
[INFO] [stdout]    --> /opt/rustwide/cargo-home/registry/src/index.crates.io-6f17d22bba15001f/axum-0.5.7/src/routing/method_routing.rs:396:1
[INFO] [stdout]     |
[INFO] [stdout] 396 | top_level_handler_fn!(get, GET);
[INFO] [stdout]     | ^^^^^^^^^^^^^^^^^^^^^^---^^^^^^
[INFO] [stdout]     | |                     |
[INFO] [stdout]     | |                     required by a bound in this function
[INFO] [stdout]     | required by this bound in `get`
[INFO] [stdout]     = note: this error originates in the macro `top_level_handler_fn` (in Nightly builds, run with -Z macro-backtrace for more info)
[INFO] [stdout] 
[INFO] [stdout] 
[INFO] [stdout] error[E0277]: the trait bound `fn() -> impl std::future::Future<Output = Json<{type error}>> {card}: Handler<_, _>` is not satisfied
[INFO] [stdout]    --> backend/src/main.rs:211:29
[INFO] [stdout]     |
[INFO] [stdout] 211 |         .route("/card", get(card))
[INFO] [stdout]     |                         --- ^^^^ the trait `Handler<_, _>` is not implemented for fn item `fn() -> impl std::future::Future<Output = Json<{type error}>> {card}`
[INFO] [stdout]     |                         |
[INFO] [stdout]     |                         required by a bound introduced by this call
[INFO] [stdout]     |
[INFO] [stdout]     = help: the trait `Handler<T, ReqBody>` is implemented for `axum::handler::Layered<S, T>`
[INFO] [stdout] note: required by a bound in `axum::routing::get`
[INFO] [stdout]    --> /opt/rustwide/cargo-home/registry/src/index.crates.io-6f17d22bba15001f/axum-0.5.7/src/routing/method_routing.rs:396:1
[INFO] [stdout]     |
[INFO] [stdout] 396 | top_level_handler_fn!(get, GET);
[INFO] [stdout]     | ^^^^^^^^^^^^^^^^^^^^^^---^^^^^^
[INFO] [stdout]     | |                     |
[INFO] [stdout]     | |                     required by a bound in this function
[INFO] [stdout]     | required by this bound in `get`
[INFO] [stdout]     = note: this error originates in the macro `top_level_handler_fn` (in Nightly builds, run with -Z macro-backtrace for more info)
[INFO] [stdout] 
[INFO] [stdout] 
[INFO] [stdout] error: aborting due to 4 previous errors; 1 warning emitted
[INFO] [stdout] 
[INFO] [stdout] 
[INFO] [stdout] Some errors have detailed explanations: E0277, E0432, E0603.
[INFO] [stdout] 
[INFO] [stdout] For more information about an error, try `rustc --explain E0277`.
[INFO] [stdout] 
[INFO] [stdout] error: aborting due to 4 previous errors; 1 warning emitted
[INFO] [stdout] 
[INFO] [stdout] 
[INFO] [stdout] Some errors have detailed explanations: E0277, E0432, E0603.
[INFO] [stdout] 
[INFO] [stdout] For more information about an error, try `rustc --explain E0277`.
[INFO] [stdout] 
[INFO] [stderr] error: could not compile `backend` (bin "backend" test) due to 5 previous errors; 1 warning emitted
[INFO] [stderr] warning: build failed, waiting for other jobs to finish...
[INFO] [stderr] error: could not compile `backend` (bin "backend") due to 5 previous errors; 1 warning emitted
[INFO] running `Command { std: "docker" "inspect" "1ccda876612a5a1ea5c04bbf49362c9de2434b952abd279ebba2635787efa4be", kill_on_drop: false }`
[INFO] running `Command { std: "docker" "rm" "-f" "1ccda876612a5a1ea5c04bbf49362c9de2434b952abd279ebba2635787efa4be", kill_on_drop: false }`
[INFO] [stdout] 1ccda876612a5a1ea5c04bbf49362c9de2434b952abd279ebba2635787efa4be
